{"id":24,"date":"2019-01-06T20:28:45","date_gmt":"2019-01-06T20:28:45","guid":{"rendered":"http:\/\/www.idealnapolisa.pl\/?page_id=24"},"modified":"2019-06-07T22:16:26","modified_gmt":"2019-06-07T22:16:26","slug":"oferta","status":"publish","type":"page","link":"https:\/\/www.idealnapolisa.pl\/?page_id=24","title":{"rendered":"Oferta"},"content":{"rendered":"\n<p style=\"text-align:left\"><strong><em>&nbsp;PROPONUJEMY&nbsp;UBEZPIECZENIA<\/em><\/strong><\/p>\n\n\n\n<p><strong>Komnikacyjne OC\/AC\/NNW\/Assistance<\/strong><\/p>\n\n\n\n<ul><li>Ubezpieczenie samochodowe &#8211; uzyskaj odpowiednie ubezpieczenie samochodu, ci\u0119\u017car\u00f3wki, furgonetki lub motocykla<\/li><li>Ubezpieczenie OC\/AC\/Assistance<\/li><li>NNW dla kierowcy i pasa\u017cera<\/li><li>Ubezpieczenie szyb<\/li><\/ul>\n\n\n\n<h6 class=\"wp-block-heading\">  Maj\u0105tkowe <\/h6>\n\n\n\n<ul><li>Struktur\u0119 twojego domu\/mieszkania<\/li><li>Koszty wymiany<\/li><li>Rzeczy osobiste (do ustalonego limitu)<\/li><li>Odpowiedzialno\u015b\u0107 cywiln\u0105<\/li><li>Zwrot koszt\u00f3w w razie kradzie\u017cy, dewastacji, po\u017caru<\/li><li>Assistance<\/li><li>&nbsp;Ubezpieczenie warto\u015bciowych przedmiot\u00f3w<\/li><li>Ubezpieczenie od powodzi<\/li><li>&nbsp;Ubezpieczenie piwnicy, gara\u017cu, pomieszcze\u0144&nbsp; &nbsp;gospodarczych<\/li><li>&nbsp;Ubezpieczenie oszklenia<\/li><\/ul>\n\n\n\n<h4 class=\"wp-block-heading\">   Turystyczne<\/h4>\n\n\n\n<ul><li>Ochrona&nbsp;przed skutkami wypadk\u00f3w i wysokimi kosztami leczenia poza granicami kraju.<\/li><li>Organizacja i pokrycie koszt\u00f3w do 1 200 000 z\u0142 w przypadku choroby i nieszcz\u0119\u015bliwego wypadku<\/li><li>Wyp\u0142ata \u015bwiadczenia w razie trwa\u0142ego uszkodzenia cia\u0142a, rozstroju zdrowia, czy \u015bmierci w skutek nieszcz\u0119\u015bliwego wypadku<\/li><\/ul>\n\n\n\n<h4 class=\"wp-block-heading\">   \u017bycia i Zdrowia<\/h4>\n\n\n\n<ul><li>Ubezpieczenie \u017cycia i zdrowia jest idealnym zabezpieczeniem na wypadek utraty \u017cycia lub zdrowia<\/li><li>Ubezpieczenie zapewnia natychmiastowy dost\u0119p do lekarzy wielu specjalizacji, natomiast w przypadku \u015bmierci ubezpieczonego osobom uposa\u017conym zostan\u0105 wyp\u0142acone \u015brodki zgodnie z warunkami ubezpieczenia<\/li><li>Ubezpieczenie zapewnia dost\u0119p do prywatnej opieki medycznej w wielu specjalizacjach bez skierowania<\/li><li>Ubezpieczony ma mo\u017cliwo\u015b\u0107 w\u0142\u0105czenia do ubezpieczenia ca\u0142ej rodziny<\/li><\/ul>\n\n\n\n<h4 class=\"wp-block-heading\">   OC w \u017cyciu prywatnym i dla przedsi\u0119biorcy<\/h4>\n\n\n\n<ul><li> Wykupuj\u0105c OC w polisie mieszkaniowej, ubezpieczyciel bierze na siebie finansow\u0105 odpowiedzialno\u015b\u0107 za nasze dzia\u0142ania w \u017cyciu prywatnym, czyli np. po godzinach pracy, w trakcie uprawiania sportu czy na wycieczce za miastem. Je\u015bli wyrz\u0105dzimy szkod\u0119 na osobie trzeciej lub na jej mieniu, wtedy towarzystwo pokryje straty do ustalonego limitu.<\/li><li> OC w \u017cyciu prywatnym mo\u017ce dotyczy\u0107 tak\u017ce bliskich ubezpieczonego, kt\u00f3rzy pozostaj\u0105 z nim we wsp\u00f3lnym gospodarstwie domowym oraz pomoc domow\u0105 \u2013 szkody wyrz\u0105dzone podczas wykonywania powierzonych prac pomocniczych w gospodarstwie domowym. <\/li><li> OC w \u017cyciu prywatnym jest cz\u0119sto wybierane dla unikni\u0119cia roszcze\u0144 ze strony s\u0105siada. Dlatego to rozszerzenie sprawdzi si\u0119 w budynkach wielokondygnacyjnych, gdzie istnieje du\u017ce\u00a0ryzyko zalania mieszkania po\u0142o\u017conego ni\u017cej. Szkody mog\u0105 dotyczy\u0107 instalacji wodnej i kanalizacyjnej. <\/li><li> Ubezpieczenie OC z tytu\u0142u prowadzenia dzia\u0142alno\u015bci lub posiadania mienia<br>to oferta dla firm prowadz\u0105cych dzia\u0142alno\u015b\u0107 us\u0142ugow\u0105 lub produkcyjn\u0105.<br>Zapewnia bezpiecze\u0144stwo i ochron\u0119 w przypadku wyrz\u0105dzenia szkody<br>osobie trzeciej oraz chroni przed powa\u017cnymi konsekwencjami finansowymi. <\/li><\/ul>\n\n\n\n<p><\/p>\n\n\n\n<pre class=\"wp-block-preformatted\"><strong>AKTUALNE OFERTY: <\/strong><a href=\"https:\/\/web.facebook.com\/IdealnaPolisa\/\">https:\/\/web.facebook.com\/IdealnaPolisa\/<\/a><\/pre>\n","protected":false},"excerpt":{"rendered":"<p>&nbsp;PROPONUJEMY&nbsp;UBEZPIECZENIA Komnikacyjne OC\/AC\/NNW\/Assistance Ubezpieczenie samochodowe &#8211; uzyskaj odpowiednie ubezpieczenie samochodu, ci\u0119\u017car\u00f3wki, furgonetki lub motocykla Ubezpieczenie OC\/AC\/Assistance NNW dla kierowcy i pasa\u017cera Ubezpieczenie szyb Maj\u0105tkowe Struktur\u0119 twojego domu\/mieszkania Koszty wymiany Rzeczy osobiste (do ustalonego limitu) Odpowiedzialno\u015b\u0107 cywiln\u0105 Zwrot koszt\u00f3w w razie kradzie\u017cy, dewastacji, po\u017caru Assistance &nbsp;Ubezpieczenie warto\u015bciowych przedmiot\u00f3w Ubezpieczenie od powodzi &nbsp;Ubezpieczenie piwnicy, gara\u017cu, pomieszcze\u0144&nbsp; &nbsp;gospodarczych &hellip; <\/p>\n<p class=\"link-more\"><a href=\"https:\/\/www.idealnapolisa.pl\/?page_id=24\" class=\"more-link\">Czytaj dalej<span class=\"screen-reader-text\"> \u201eOferta\u201d<\/span><\/a><\/p>\n","protected":false},"author":1,"featured_media":0,"parent":0,"menu_order":0,"comment_status":"closed","ping_status":"closed","template":"","meta":[],"_links":{"self":[{"href":"https:\/\/www.idealnapolisa.pl\/index.php?rest_route=\/wp\/v2\/pages\/24"}],"collection":[{"href":"https:\/\/www.idealnapolisa.pl\/index.php?rest_route=\/wp\/v2\/pages"}],"about":[{"href":"https:\/\/www.idealnapolisa.pl\/index.php?rest_route=\/wp\/v2\/types\/page"}],"author":[{"embeddable":true,"href":"https:\/\/www.idealnapolisa.pl\/index.php?rest_route=\/wp\/v2\/users\/1"}],"replies":[{"embeddable":true,"href":"https:\/\/www.idealnapolisa.pl\/index.php?rest_route=%2Fwp%2Fv2%2Fcomments&post=24"}],"version-history":[{"count":11,"href":"https:\/\/www.idealnapolisa.pl\/index.php?rest_route=\/wp\/v2\/pages\/24\/revisions"}],"predecessor-version":[{"id":135,"href":"https:\/\/www.idealnapolisa.pl\/index.php?rest_route=\/wp\/v2\/pages\/24\/revisions\/135"}],"wp:attachment":[{"href":"https:\/\/www.idealnapolisa.pl\/index.php?rest_route=%2Fwp%2Fv2%2Fmedia&parent=24"}],"curies":[{"name":"wp","href":"https:\/\/api.w.org\/{rel}","templated":true}]}}